 y(1). Is 76/(-6)*c/(-2) composite?
False
Let n(g) be the first derivative of -2 - 5*g + 33*g**2 + 4 - 4. Is n(2) composite?
False
Let j(s) = -s - 6. Let g be j(-8). Suppose -i = -g, 2*i + 46 = -3*q + i. Is 408/q*4/(-3) prime?
False
Let y be 12*(-1)/(-6)*2. Suppose -v - y*i = -0*i - 17, 4*i + 3 = 3*v. Suppose -34 = -n - x, 0 = n - v*x - 54 + 14. Is n prime?
False
Let m(h) = 4*h - 25. Let a be m(8). Let u = 3 + -3. Suppose -i + a = -u*i. Is i composite?
False
Let n(d) = -10179*d - 8. Is n(-1) a prime number?
False
Let a = 4 - 2. Is (-2)/a*2 - (-339 + 6) prime?
True
Let x(c) = 15*c**2 - 3*c + 2. Let j(r) = -7*r**2 + r - 1. Let y(l) = -5*j(l) - 2*x(l). Let b be y(-1). Suppose 367 = b*t - 3. Is t composite?
True
Let x = -36235 - -64584. Is x composite?
False
Suppose -3*p - 1 = -19. Let r be 4 - -2*3/p. Suppose 0 = -r*j + 337 + 918. Is j a prime number?
True
Is (2 + 9/(-6))*18346 a composite number?
False
Let x(v) = v**2 + 8*v - 4. Let s be x(-8). Let t be (-216 - 1) + s/2. Let k = 832 + t. Is k a composite number?
False
Suppose -19*x - 48624 = -595615. Is x prime?
True
Let k(s) = s**2 + s + 1. Let q(j) = 6*j**2 + 14*j + 2. Let i(n) = 5*k(n) - q(n). Let v be i(-9). Suppose -v*p - 4*o = -4, 5*p - o + 3*o = 16. Is p composite?
True
Let r = 40 + 214. Suppose -3*g - r = l - 1074, 4*g = 3*l - 2525. Is l a prime number?
False
Suppose -4*l + 203691 = 5*a, -5*a + l + 190848 + 12848 = 0. Is a prime?
True
Suppose -461805 = -19*o - 32*o. Is o a prime number?
False
Suppose -5*o = -20, -2*d = -0*d - 5*o + 54. Let g = -11 - d. Let h(m) = 10*m - 7. Is h(g) prime?
True
Let k = 19761 - 7898. Is k composite?
False
Suppose -13*k + 2617 + 65152 = 0. Suppose k = 5*t + 4*g - 8377, t + 5*g = 2697. Is t prime?
False
Let v = 2337 + -3387. Let k = 421 - v. Is k a composite number?
False
Suppose 2*y + 2 = -2, 3*v - 5*y = -293. Let j = -66 - v. Is j a prime number?
False
Let w(r) = -7*r. Let l be w(-2). Let i(u) = -776*u**3 + 2*u**2 - 1. Let k be i(1). Is 4/l - k/7 composite?
True
Is (38108 - 2) + -25*4/(-20) a prime number?
False
Let i = -90 - -92. Suppose -57 = -i*n + 4*u + 593, 0 = 2*u - 6. Is n composite?
False
Let k = 2817 - -724. Is k composite?
False
Let g(a) = -a**3 - a**2 - 1. Let p be g(0). Let x(n) = -2*n**3 + 2*n**2 + 2*n. Let v be x(p). Suppose v*t + 5*k = 1075, k - 1 = -0. Is t a prime number?
False
Suppose -29682 = -107*u + 89*u. Is u composite?
True
Let d(u) = -u**3 + 12*u**2 + 24*u + 29. Let v(o) = 4*o**2 + 8*o + 10. Let f(c) = 3*d(c) - 8*v(c). Is f(-2) composite?
False
Let j = -12 + 12. Suppose -3*f + 1259 + 898 = j. Is f a prime number?
True
Let m be (-6567)/(-12) - 6/(-8). Let l = m - 271. Is l a prime number?
True
Let q = -7507 + 19466. Is q a composite number?
False
Is 1094 - (-5 + (-36)/(-3)) a prime number?
True
Suppose 5*g - 2*d = 3 + 1, -d + 5 = g. Suppose -4*y + 4*q = g + 2, -5 = -q. Let o(j) = 127*j + 3. Is o(y) a prime number?
False
Let f(g) = 42*g**3 - 2*g**2 + g + 2. Let i be f(-4). Is i/1*(1 - 9/6) composite?
False
Suppose 3*k + s = k + 4278, 4*s - 8 = 0. Is k*3*3/18 composite?
False
Let d(b) be the second derivative of 235*b**4/6 - b**2/2 + 8*b. Let j be 6/8 + (-3)/(-12). Is d(j) a prime number?
False
Suppose -19*y + 6 = -13*y. Is 18/(-2) - -8 - (y + -196) composite?
True
Let w(s) = 9*s**3 + 13*s**2 + 98*s + 23. Is w(10) prime?
False
Suppose 5*m = 5 + 5, -4*c - 20 = -2*m. Let r(k) = -5*k**2 + 1 + k**2 + 6*k + 13*k**2. Is r(c) a prime number?
False
Let d be -4 + 0 + 7 + 1478. Let x = d + 254. Is x composite?
True
Let a(q) = -3*q**2 + 29*q + 10. Let g be a(10). Is (g + 4)*38/(-8)*-79 a prime number?
False
Let w(g) = 325*g + 467. Is w(18) a composite number?
False
Let s(h) = 38*h - 27. Let p be s(-8). Let a = -14 - p. Is a a prime number?
True
Is ((-2)/4)/((-2099646)/209964 - -10) prime?
True
Let b = 4 - -1. Suppose -i = 5*u + 154, 64 = -2*u + b*i - 3*i. Let l = 2 - u. Is l a composite number?
True
Suppose 133004 = 21*k - 82855. Is k a composite number?
True
Let x = 11 + -20. Is (-16296)/(-16)*(-6)/x composite?
True
Let h(a) = -25*a**3 + 3*a**2 - 3*a - 6. Let z be h(-4). Let o = 86 - 1099. Let k = z + o. Is k a prime number?
True
Is (32/(-20) - -2)/(2/2095) prime?
True
Let k be 2/(-5*8/(-11420)). Suppose k + 224 = 5*s. Is s a prime number?
False
Suppose 2*q - 3*l + 3510 = 735, 2*l = q + 1388. Let z = q - -2281. Is z composite?
True
Let m be (-622)/8 - (-7)/(-28). Is 0 + (-28502)/(-6) + (-52)/m prime?
True
Suppose 6*r - 5*r + 7 = 0. Let u = -5 - r. Suppose -u*b - 3*y = -8*y - 63, 0 = -3*y - 15. Is b a prime number?
True
Let x(l) = 13*l**2 - 22*l - 16. Is x(15) a composite number?
False
Is ((-28695)/(-10) - -8)*(-4)/(-2) a composite number?
True
Suppose -2*h - 1 + 4 = -r, 5*r = 5*h - 5. Let v be 0 - (-3 - 5)/h. Suppose 3530 = v*k + 910. Is k a prime number?
False
Let q = 4028 + -1369. Is q a composite number?
False
Let n(z) = z**3 + 6*z**2 - 6*z + 1. Suppose 0 = h - 3*r - 2, r = -2*h + 5*r + 4. Suppose 3*f = -4*j - 21, -2*f + 6 + h = -j. Is n(j) prime?
True
Let a = 103 + -99. Suppose -a*s + 8465 = s. Is s a composite number?
False
Suppose 0 = 3*h - 5*n - 5119, -4*h = -4*n + 1126 - 7946. Is h a prime number?
False
Suppose -3*v = -4*n - 13, 4*n - 2 = 3*n - v. Is ((-2935)/(-10))/(n/(-2)) prime?
True
Let w be (-23484)/18 + (-3)/9. Let l = 94 - w. Is l a prime number?
True
Suppose 0 = 6*a - 7*a + 270. Suppose a = -t + 6*t. Suppose 5*y + t = 439. Is y a prime number?
False
Suppose -345 + 960 = 3*l. Suppose -f = -5*q - l, -2*q - 764 = -5*f + 169. Suppose z - f = -64. Is z prime?
False
Suppose -4318 = -l - 1638. Let c = 4029 - l. Is c a prime number?
False
Suppose 10*h + 3*a - 10358 = 5*h, -5*h + 3*a + 10352 = 0. Is h prime?
False
Suppose y = 4*m + 2595, 2*m - 3 = -11. Is y a prime number?
True
Is (-1 + 0)/(-3 - (-153186)/51063) composite?
False
Let q(h) = -7*h**2 + 3*h + 5. Let p(l) = -l**2. Let c(g) = -2*p(g) - q(g). Is c(7) a composite number?
True
Let p(x) = 21647*x. Is p(3) composite?
True
Suppose 0*c - 8*c - 944 = 0. Let x = c - -233. Is x a composite number?
True
Let h(j) = -6*j + 389. Let b = -24 - -24. Is h(b) prime?
True
Let c(n) = -n**3 - 4*n**2 + 10*n - 10. Let q be c(-6). Suppose -2*h + 372 = -q*k, -5*h - 4*k + 899 + 76 = 0. Is h prime?
True
Let l(w) = -24*w + 2*w + 19 - 21*w - 8. Let j(q) = 43*q - 12. Let a(c) = -6*j(c) - 5*l(c). Is a(-8) a composite number?
True
Is (19/(-2) - -6)/(4/(-15112)) a composite number?
True
Let c be (8/14)/(3/21). Suppose -3*i + 1763 = v, v = -0*i + c*i - 2346. Is i a composite number?
False
Is (-11)/(165/40)*501/(-4) prime?
False
Suppose 2*a - 3*n + 2*n = 4, 4*n - 4 = 3*a. Suppose 3*q + 2*m - 1520 = -q, -a*q + m + 1514 = 0. Is q a prime number?
True
Suppose 0 = -j + 6*j - 5. Let b be 5 + 2 - (j - -2). Is 1*(233 - 0/b) composite?
False
Let w(s) = 1271*s - 13. Let t(m) = -1271*m + 14. Let i(d) = 4*t(d) + 5*w(d). Is i(2) prime?
False
Suppose 4*l - 7 = d, -2*d + 0 - 2 = -4*l. Suppose 2532 = l*o + 3*o. Is o a composite number?
True
Suppose p - 4 = -4*p - 2*t, -4*t = -8. Let u(n) be the first derivative of n**2/2 + 487*n + 114. Is u(p) a composite number?
False
Suppose 2623 = 5*z - 2427. Suppose -z = -5*l + 5*n, -267 = -3*l - 3*n + 339. Is l a composite number?
True
Let g(i) = i**2 + 3*i + 3. Let q be g(-3). Suppose q*c - 1499 - 2587 = -3*y, 0 = -y - 4*c + 1365. Is y a prime number?
True
Let l = -933 - -22894. Is l a prime number?
True
Suppose 2*j - 195865 - 28163 = 5*v, -560091 = -5*j + 2*v. Is j a composite number?
False
Let g be 689*3 - (3 - 4). Let i = -35 - -38. Suppose -a - i*a = -g. Is a prime?
False
Suppose 4 - 12 = -2*j, -5*i = -4*j - 109. Is 8175/i - (1 - 3) a composite number?
True
Let c(g) = -g**2 - 13*g + 29. Let j be c(20). Let k = -338 - j. Is k a prime number?
True
Let t be (-2)/(-4)*(-42)/(-7). Let z be -9 - (t + (-5)/1). Let m = 33 + z. Is m composite?
True
Suppose -1 = 4*q - 21. Suppose 16 - 6 = -5*x + q*n, 0 = -4*x + 3*n - 13. Let w(l) = -44*l - 7. Is w(x) composite?
True
Let l(y) = 4*y - 5. Let g(p) = 1. Let u(i) = -i + 1. Let v(s) = -g(s) - 3*u(s). Let m(h) = -4*l(h) + 5*v(h). Is m(-2) a prime number?
True
Let z = 66309 - 41600. Is z prime?
True
Suppose -1040 = -4*j - 4368. Let v be (15/20)/(2/j). Let y = -151 - v. Is y composite?
True
Let p(w) = 13*w**2 + 2*w**2 + 6*w**2 + 6 + 2*w + w**3 - 2*